{"id":563,"date":"2026-02-09T13:19:00","date_gmt":"2026-02-09T13:19:00","guid":{"rendered":"https:\/\/sessco.guenterbaier.com\/?page_id=563"},"modified":"2026-02-16T14:36:03","modified_gmt":"2026-02-16T14:36:03","slug":"datenschutz","status":"publish","type":"page","link":"https:\/\/sessco.guenterbaier.com\/index.php\/datenschutz\/","title":{"rendered":"Datenschutz"},"content":{"rendered":"\t\t<div data-elementor-type=\"wp-page\" data-elementor-id=\"563\" class=\"elementor elementor-563\" data-elementor-post-type=\"page\">\n\t\t\t\t<div class=\"elementor-element elementor-element-8df3ab4 e-flex e-con-boxed e-con e-parent\" data-id=\"8df3ab4\" data-element_type=\"container\" data-e-type=\"container\">\n\t\t\t\t\t<div class=\"e-con-inner\">\n\t\t\t\t<div class=\"elementor-element elementor-element-8709426 elementor-widget elementor-widget-spacer\" data-id=\"8709426\" data-element_type=\"widget\" data-e-type=\"widget\" data-widget_type=\"spacer.default\">\n\t\t\t\t\t\t\t<div class=\"elementor-spacer\">\n\t\t\t<div class=\"elementor-spacer-inner\"><\/div>\n\t\t<\/div>\n\t\t\t\t\t\t<\/div>\n\t\t\t\t<div class=\"elementor-element elementor-element-c586afe elementor-widget elementor-widget-heading\" data-id=\"c586afe\" data-element_type=\"widget\" data-e-type=\"widget\" data-widget_type=\"heading.default\">\n\t\t\t\t\t<h2 class=\"elementor-heading-title elementor-size-default\">Datenschutz<\/h2>\t\t\t\t<\/div>\n\t\t\t\t<div class=\"elementor-element elementor-element-15391b6 elementor-widget elementor-widget-text-editor\" data-id=\"15391b6\" data-element_type=\"widget\" data-e-type=\"widget\" data-widget_type=\"text-editor.default\">\n\t\t\t\t\t\t\t\t\t<h3 class=\"p2\"><span class=\"s2\"><b>Datenschutzerkl\u00e4rung<\/b><\/span><\/h3><h4 class=\"p3\"><b>1. Datenschutz auf einen Blick<\/b><\/h4><p class=\"p2\">Allgemeine Hinweise<\/p><p class=\"p2\">Die folgenden Hinweise geben einen einfachen \u00dcberblick dar\u00fcber, was mit Ihren personenbezogenen<\/p><p class=\"p2\">Daten passiert, wenn Sie diese Website besuchen. Personenbezogene Daten sind alle Daten, mit denen<\/p><p class=\"p2\">Sie pers\u00f6nlich identifiziert werden k\u00f6nnen.<\/p><p class=\"p2\">Die Datenverarbeitung auf dieser Website erfolgt durch den Websitebetreiber.<\/p><h4 class=\"p3\"><b>2. Verantwortlicher<\/b><\/h4><p class=\"p2\">Sesoco GmbH (handelnd unter \u201eSesoco Group\u201c)<\/p><p class=\"p2\">Gesch\u00e4ftsf\u00fchrer: Michael Fischer<\/p><p class=\"p2\">M\u00fchlenstra\u00dfe 70A<\/p><p class=\"p2\">41352 Korschenbroich<\/p><p class=\"p2\">Deutschland<\/p><p class=\"p2\">Telefon: +49 2161 999 0 200<\/p><p class=\"p2\">E-Mail: online@sesoco.de<\/p><h4 class=\"p3\"><b>3. Hosting<\/b><\/h4><p class=\"p2\">Unsere Website wird bei einem externen Dienstleister gehostet (Webhosting-Provider). Die<\/p><p class=\"p2\">personenbezogenen Daten, die auf dieser Website erfasst werden, werden auf den Servern des Hosters<\/p><p class=\"p2\">gespeichert.<\/p><p class=\"p2\">Hierbei kann es sich insbesondere handeln um: IP-Adresse, Meta- und Kommunikationsdaten,<\/p><p class=\"p2\">Webseitenzugriffe, Kontaktanfragen sowie sonstige Daten, die \u00fcber eine Website generiert werden.<\/p><p class=\"p2\">Der Einsatz des Hosters erfolgt zum Zwecke der Vertragserf\u00fcllung (Art. 6 Abs. 1 lit. b DSGVO) sowie im<\/p><p class=\"p2\">Interesse einer sicheren Bereitstellung unseres Online-Angebots (Art. 6 Abs. 1 lit. f DSGVO). Mit dem<\/p><p class=\"p2\">Hostinganbieter wurde ein Vertrag zur Auftragsverarbeitung gem\u00e4\u00df Art. 28 DSGVO geschlossen.<\/p><h4 class=\"p3\"><b>4. Server-Logfiles<\/b><\/h4><p class=\"p2\">Beim Aufrufen unserer Website werden automatisch Informationen durch den Webserver erfasst und in<\/p><p class=\"p2\">sogenannten Server-Logfiles gespeichert. Dies sind insbesondere: Browsertyp, Betriebssystem, Referrer<\/p><p class=\"p2\">URL, Hostname, Uhrzeit der Serveranfrage und IP-Adresse.<\/p><p class=\"p2\">Rechtsgrundlage ist Art. 6 Abs. 1 lit. f DSGVO (berechtigtes Interesse an technischer Sicherheit und<\/p><p class=\"p2\">fehlerfreier Darstellung).<\/p><h4 class=\"p3\"><b>5. Kontaktaufnahme<\/b><\/h4><p class=\"p2\">Wenn Sie uns per E-Mail oder telefonisch kontaktieren, werden Ihre Angaben zum Zwecke der<\/p><p class=\"p2\">Bearbeitung Ihres Anliegens gespeichert. Rechtsgrundlage: Art. 6 Abs. 1 lit. b DSGVO und Art. 6 Abs. 1 lit.<\/p><p class=\"p2\">f DSGVO. Die Daten verbleiben bis der Zweck entf\u00e4llt oder gesetzliche Aufbewahrungspflichten bestehen.<\/p><h4 class=\"p3\"><b>6. Kontaktformular<\/b><\/h4><p class=\"p2\">Wenn Sie uns per Kontaktformular Anfragen zukommen lassen, werden Ihre Angaben zur Bearbeitung der<\/p><p class=\"p2\">Anfrage gespeichert. Rechtsgrundlage: Art. 6 Abs. 1 lit. b DSGVO.<span class=\"s3\"><b>7. Cookies<\/b><\/span><\/p><p class=\"p2\">Unsere Website verwendet ausschlie\u00dflich technisch notwendige Cookies, sofern keine Einwilligung erteilt<\/p><p class=\"p2\">wurde. Einwilligungspflichtige Dienste werden erst nach Zustimmung \u00fcber ein Consent-Management-Tool<\/p><p class=\"p2\">geladen. Rechtsgrundlage: Art. 6 Abs. 1 lit. f DSGVO sowie \u00a7 25 TTDSG.<\/p><h4 class=\"p3\"><b>8. Einsatz von Google Maps<\/b><\/h4><p class=\"p2\">Diese Website nutzt den Kartendienst Google Maps. Anbieter ist Google Ireland Limited, Gordon House,<\/p><p class=\"p2\">Barrow Street, Dublin 4, Irland.<\/p><p class=\"p2\">Zur Nutzung der Funktionen von Google Maps ist es notwendig, Ihre IP-Adresse zu speichern. Diese<\/p><p class=\"p2\">Informationen werden in der Regel an einen Server von Google in den USA \u00fcbertragen und dort<\/p><p class=\"p2\">gespeichert.<\/p><p class=\"p2\">Die Nutzung von Google Maps erfolgt ausschlie\u00dflich auf Grundlage Ihrer Einwilligung gem\u00e4\u00df Art. 6 Abs. 1<\/p><p class=\"p2\">lit. a DSGVO sowie \u00a7 25 Abs. 1 TTDSG. Die Einwilligung ist jederzeit widerrufbar.<\/p><p class=\"p2\">Die Daten\u00fcbertragung in die USA erfolgt auf Grundlage der Standardvertragsklauseln der<\/p><p class=\"p2\">EU-Kommission.<\/p><p class=\"p2\">Mehr Informationen zum Umgang mit Nutzerdaten finden Sie in der Datenschutzerkl\u00e4rung von Google:<\/p><p class=\"p2\">https:\/\/policies.google.com\/privacy<\/p><h4 class=\"p3\"><b>9. Ihre Rechte<\/b><\/h4><p class=\"p2\">Sie haben jederzeit das Recht auf Auskunft, Berichtigung, L\u00f6schung, Einschr\u00e4nkung der Verarbeitung,<\/p><p class=\"p2\">Daten\u00fcbertragbarkeit und Widerspruch gem\u00e4\u00df Art. 15\u201321 DSGVO. Anfrage per E-Mail an:<\/p><p class=\"p2\">online@sesoco.de<\/p><h4 class=\"p3\"><b>10. Beschwerderecht<\/b><\/h4><p class=\"p2\">Sie haben das Recht, sich bei der zust\u00e4ndigen Datenschutz-Aufsichtsbeh\u00f6rde zu beschweren. Zust\u00e4ndig:<\/p><p class=\"p2\">Landesbeauftragte f\u00fcr Datenschutz und Informationsfreiheit Nordrhein-Westfalen.<\/p><h4 class=\"p3\"><b>11. SSL-\/TLS-Verschl\u00fcsselung<\/b><\/h4><p class=\"p2\">Diese Seite nutzt aus Sicherheitsgr\u00fcnden eine SSL- bzw. TLS-Verschl\u00fcsselung (https-Verbindung).<\/p><h4 class=\"p3\"><b>12. Widerspruch gegen Werbe-E-Mails<\/b><\/h4><p class=\"p2\">Der Nutzung von im Rahmen der Impressumspflicht ver\u00f6ffentlichten Kontaktdaten zur \u00dcbersendung von<\/p><p class=\"p2\">nicht ausdr\u00fccklich angeforderter Werbung wird hiermit widersprochen.<\/p>\t\t\t\t\t\t\t\t<\/div>\n\t\t\t\t\t<\/div>\n\t\t\t\t<\/div>\n\t\t\t\t<\/div>\n\t\t","protected":false},"excerpt":{"rendered":"<p>Datenschutz Datenschutzerkl\u00e4rung 1. Datenschutz auf einen Blick Allgemeine Hinweise Die folgenden Hinweise geben einen einfachen \u00dcberblick dar\u00fcber, was mit Ihren personenbezogenen Daten passiert, wenn Sie diese Website besuchen. Personenbezogene Daten sind alle Daten, mit denen Sie pers\u00f6nlich identifiziert werden k\u00f6nnen. Die Datenverarbeitung auf dieser Website erfolgt durch den Websitebetreiber. 2. Verantwortlicher Sesoco GmbH (handelnd unter [&hellip;]<\/p>\n","protected":false},"author":1,"featured_media":0,"parent":0,"menu_order":0,"comment_status":"closed","ping_status":"closed","template":"","meta":{"footnotes":""},"class_list":["post-563","page","type-page","status-publish","hentry"],"_links":{"self":[{"href":"https:\/\/sessco.guenterbaier.com\/index.php\/wp-json\/wp\/v2\/pages\/563","targetHints":{"allow":["GET"]}}],"collection":[{"href":"https:\/\/sessco.guenterbaier.com\/index.php\/wp-json\/wp\/v2\/pages"}],"about":[{"href":"https:\/\/sessco.guenterbaier.com\/index.php\/wp-json\/wp\/v2\/types\/page"}],"author":[{"embeddable":true,"href":"https:\/\/sessco.guenterbaier.com\/index.php\/wp-json\/wp\/v2\/users\/1"}],"replies":[{"embeddable":true,"href":"https:\/\/sessco.guenterbaier.com\/index.php\/wp-json\/wp\/v2\/comments?post=563"}],"version-history":[{"count":13,"href":"https:\/\/sessco.guenterbaier.com\/index.php\/wp-json\/wp\/v2\/pages\/563\/revisions"}],"predecessor-version":[{"id":1405,"href":"https:\/\/sessco.guenterbaier.com\/index.php\/wp-json\/wp\/v2\/pages\/563\/revisions\/1405"}],"wp:attachment":[{"href":"https:\/\/sessco.guenterbaier.com\/index.php\/wp-json\/wp\/v2\/media?parent=563"}],"curies":[{"name":"wp","href":"https:\/\/api.w.org\/{rel}","templated":true}]}}